by 7834?
1
What is the remainder when 313244 is divided by 70?
64
What is the remainder when 273447 is divided by 651?
27
Calculate the remainder when 15335 is divided by 216.
215
What is the remainder when 532220 is divided by 38?
30
Calculate the remainder when 18334 is divided by 18.
10
Calculate the remainder when 440069 is divided by 843.
23
Calculate the remainder when 186 is divided by 20.
6
What is the remainder when 3071 is divided by 722?
183
Calculate the remainder when 1807626 is divided by 301271.
0
Calculate the remainder when 136119 is divided by 38.
3
Calculate the remainder when 16043 is divided by 423.
392
What is the remainder when 22345 is divided by 27?
16
Calculate the remainder when 889 is divided by 420.
49
What is the remainder when 50128 is divided by 50103?
25
What is the remainder when 1590 is divided by 300?
90
What is the remainder when 9020 is divided by 291?
290
Calculate the remainder when 9843 is divided by 3273.
24
What is the remainder when 78758 is divided by 175?
8
What is the remainder when 132872 is divided by 25?
22
Calculate the remainder when 265422 is divided by 8847.
12
What is the remainder when 48673 is divided by 15?
13
What is the remainder when 9942659 is divided by 546?
545
Calculate the remainder when 133367 is divided by 256.
247
Calculate the remainder when 6219 is divided by 1854.
657
What is the remainder when 6999 is divided by 770?
69
Calculate the remainder when 60439 is divided by 51.
4
Calculate the remainder when 1895 is divided by 155.
35
Calculate the remainder when 1035 is divided by 292.
159
Calculate the remainder when 130567 is divided by 21.
10
What is the remainder when 5138 is divided by 381?
185
Calculate the remainder when 926971 is divided by 46348.
11
Calculate the remainder when 7516679 is divided by 24.
23
Calculate the remainder when 14416 is divided by 3.
1
Calculate the remainder when 3378 is divided by 21.
18
What is the remainder when 670260 is divided by 134052?
0
What is the remainder when 1354 is divided by 337?
6
Calculate the remainder when 774 is divided by 365.
44
What is the remainder when 16891 is divided by 25?
16
Calculate the remainder when 2993 is divided by 151.
124
Calculate the remainder when 24496 is divided by 737.
175
Calculate the remainder when 3871967 is divided by 17.
13
Calculate the remainder when 18460 is divided by 5748.
1216
What is the remainder when 26074 is divided by 279?
127
Calculate the remainder when 27115 is divided by 27107.
8
Calculate the remainder when 8616 is divided by 575.
566
What is the remainder when 13401 is divided by 1100?
201
What is the remainder when 182943 is divided by 22867?
7
Calculate the remainder when 22548 is divided by 410.
408
What is the remainder when 121029 is divided by 41?
38
Calculate the remainder when 1712986 is divided by 459.
457
Calculate the remainder when 2244 is divided by 1117.
10
What is the remainder when 11589 is divided by 672?
165
What is the remainder when 7727 is divided by 40?
7
Calculate the remainder when 54800 is divided by 161.
60
Calculate the remainder when 68294 is divided by 68258.
36
What is the remainder when 101276 is divided by 120?
116
What is the remainder when 299389 is divided by 128?
125
Calculate the remainder when 10220 is divided by 47.
21
What is the remainder when 305 is divided by 279?
26
What is the remainder when 3451 is divided by 572?
19
Calculate the remainder when 5247 is divided by 352.
319
What is the remainder when 96761 is divided by 32232?
65
What is the remainder when 284482 is divided by 157?
155
What is the remainder when 403150 is divided by 52?
46
Calculate the remainder when 12003 is divided by 9.
6
What is the remainder when 94875 is divided by 502?
499
Calculate the remainder when 19453 is divided by 142.
141
What is the remainder when 155993 is divided by 3?
2
Calculate the remainder when 28734 is divided by 24.
6
Calculate the remainder when 5428 is divided by 2708.
12
Calculate the remainder when 46093 is divided by 1152.
13
Calculate the remainder when 304 is divided by 148.
8
What is the remainder when 4083 is divided by 53?
2
What is the remainder when 970 is divided by 133?
39
Calculate the remainder when 13417 is divided by 1677.
1
What is the remainder when 2898 is divided by 1441?
16
What is the remainder when 732266 is divided by 165?
161
What is the remainder when 182367 is divided by 475?
442
Calculate the remainder when 35483 is divided by 165.
8
Calculate the remainder when 5592 is divided by 42.
6
Calculate the remainder when 21924 is divided by 1476.
1260
What is the remainder when 16385 is divided by 193?
173
Calculate the remainder when 474 is divided by 150.
24
Calculate the remainder when 9506 is divided by 954.
920
Calculate the remainder when 70359 is divided by 423.
141
What is the remainder when 2864 is divided by 593?
492
Calculate the remainder when 28850 is divided by 1070.
1030
Calculate the remainder when 87488 is divided by 25.
13
What is the remainder when 1518 is divided by 21?
6
Calculate the remainder when 18061 is divided by 3570.
211
What is the remainder when 1304 is divided by 1255?
49
What is the remainder when 4553 is divided by 32?
9
What is the remainder when 14136 is divided by 1178?
0
Calculate the remainder when 19502 is divided by 39.
2
What is the remainder when 25172 is divided by 1575?
1547
Calculate the remainder when 1079 is divided by 255.
59
Calculate the remainder when 1125886 is divided by 1466.
1464
What is the remainder when 404809 is divided by 423?
421
Calculate the remainder when 1501 is divided by 416.
253
Calculate the remainder when 14055 is divided by 95.
90
What is the remainder when 44856 is divided by 22418?
20
Calculate the remainder when 25304 is divided by 65.
19
Calculate the remainder when 4936 is divided by 2708.
2228
Calculate the remainder when 10300 is divided by 490.
10
Calculate the remainder when 42871 is divided by 26.
23
Calculate the remainder when 56 is divided by 29.
27
What is the remainder when 4488 is divided by 107?
101
What is the remainder when 243 is divided by 96?
51
Calculate the remainder when 12515 is divided by 4091.
242
Calculate the remainder when 1134691 is divided by 22.
19
Calculate the remainder when 390905 is divided by 9.
8
Calculate the remainder when 214140 is divided by 76.
48
Calculate the remainder when 973 is divided by 206.
149
Calculate the remainder when 57589 is divided by 269.
23
What is the remainder when 3737 is divided by 918?
65
Calculate the remainder when 3387 is divided by 37.
20
Calculate the remainder when 179324 is divided by 226.
106
Calculate the remainder when 4569 is divided by 241.
231
What is the remainder when 70187 is divided by 1711?
36
What is the remainder when 4834 is divided by 148?
98
What is the remainder when 4912 is divided by 352?
336
What is the remainder when 5926 is divided by 81?
13
Calculate the remainder when 1632175 is divided by 52.
51
What is the remainder when 1027328 is divided by 219?
218
Calculate the remainder when 101429 is divided by 66.
53
Calculate the remainder when 19774 is divided by 4829.
458
What is the remainder when 3421 is divided by 1648?
125
Calculate the remainder when 3079 is divided by 82.
45
What is the remainder when 40721 is divided by 582?
563
Calculate the remainder when 8583 is divided by 2144.
7
Calculate the remainder when 31314 is divided by 7825.
14
What is the remainder when 805586 is divided by 47387?
7
Calculate the remainder when 243026 is divided by 42.
14
What is the remainder when 2513503 is divided by 458?
457
Calculate the remainder when 2744 is divided by 457.
2
Calculate the remainder when 223933 is divided by 351.
346
Calculate the remainder when 53543 is divided by 90.
83
Calculate the remainder when 2647 is divided by 423.
109
What is the remainder when 17867 is divided by 343?
31
Calculate the remainder when 370951 is divided by 27.
25
What is the remainder when 17111 is divided by 611?
3
What is the remainder when 183677 is divided by 14128?
13
What is the remainder when 2818 is divided by 417?
316
What is the remainder when 15365 is divided by 394?
393
What is the remainder when 7943 is divided by 6?
5
What is the remainder when 24828